, 3, 19
What are the prime factors of 24529?
19, 1291
What are the prime factors of 6252?
2, 3, 521
List the prime factors of 38412.
2, 3, 11, 97
List the prime factors of 36579.
3, 89, 137
What are the prime factors of 587?
587
List the prime factors of 81.
3
What are the prime factors of 102941?
311, 331
What are the prime factors of 2976?
2, 3, 31
List the prime factors of 953.
953
What are the prime factors of 59895?
3, 5, 11
List the prime factors of 7909.
11, 719
List the prime factors of 94.
2, 47
What are the prime factors of 552?
2, 3, 23
List the prime factors of 1738.
2, 11, 79
What are the prime factors of 9992?
2, 1249
List the prime factors of 15842.
2, 89
List the prime factors of 1261.
13, 97
What are the prime factors of 11861?
29, 409
List the prime factors of 72.
2, 3
What are the prime factors of 79816?
2, 11, 907
List the prime factors of 4159.
4159
What are the prime factors of 34080?
2, 3, 5, 71
List the prime factors of 46078.
2, 23039
List the prime factors of 4031.
29, 139
List the prime factors of 1606.
2, 11, 73
What are the prime factors of 361?
19
What are the prime factors of 1159?
19, 61
List the prime factors of 9085.
5, 23, 79
List the prime factors of 1056.
2, 3, 11
List the prime factors of 75283.
13, 5791
List the prime factors of 868.
2, 7, 31
What are the prime factors of 1114?
2, 557
What are the prime factors of 464?
2, 29
List the prime factors of 66764.
2, 16691
What are the prime factors of 1250?
2, 5
What are the prime factors of 5693?
5693
List the prime factors of 3424.
2, 107
List the prime factors of 153005.
5, 71, 431
What are the prime factors of 11174?
2, 37, 151
List the prime factors of 46462.
2, 13, 1787
List the prime factors of 3683.
29, 127
What are the prime factors of 2311?
2311
What are the prime factors of 9160?
2, 5, 229
List the prime factors of 82182.
2, 3, 13697
List the prime factors of 1049.
1049
List the prime factors of 1593.
3, 59
List the prime factors of 1415.
5, 283
List the prime factors of 28892.
2, 31, 233
What are the prime factors of 139?
139
List the prime factors of 18734.
2, 17, 19, 29
What are the prime factors of 1499?
1499
List the prime factors of 4916.
2, 1229
What are the prime factors of 13523?
13523
List the prime factors of 19785.
3, 5, 1319
What are the prime factors of 3965?
5, 13, 61
What are the prime factors of 31394?
2, 11, 1427
What are the prime factors of 1119?
3, 373
List the prime factors of 10336.
2, 17, 19
List the prime factors of 103044.
2, 3, 31, 277
List the prime factors of 22062.
2, 3, 3677
List the prime factors of 41493.
3, 13831
What are the prime factors of 1066?
2, 13, 41
What are the prime factors of 1149?
3, 383
What are the prime factors of 78996?
2, 3, 29, 227
What are the prime factors of 7348?
2, 11, 167
List the prime factors of 913.
11, 83
List the prime factors of 45771.
3, 11, 19, 73
What are the prime factors of 4618?
2, 2309
What are the prime factors of 59755?
5, 17, 19, 37
What are the prime factors of 14557?
14557
What are the prime factors of 10987?
10987
What are the prime factors of 1960?
2, 5, 7
What are the prime factors of 115729?
19, 6091
List the prime factors of 654.
2, 3, 109
What are the prime factors of 1124?
2, 281
List the prime factors of 22046.
2, 73, 151
List the prime factors of 19792.
2, 1237
What are the prime factors of 29981?
7, 4283
What are the prime factors of 5721?
3, 1907
List the prime factors of 4513.
4513
List the prime factors of 1450.
2, 5, 29
What are the prime factors of 347?
347
What are the prime factors of 1824?
2, 3, 19
List the prime factors of 71002.
2, 131, 271
What are the prime factors of 476?
2, 7, 17
List the prime factors of 1321.
1321
List the prime factors of 29014.
2, 89, 163
List the prime factors of 5983.
31, 193
List the prime factors of 107191.
7, 15313
List the prime factors of 991.
991
List the prime factors of 8211.
3, 7, 17, 23
List the prime factors of 342.
2, 3, 19
What are the prime factors of 823?
823
What are the prime factors of 42103?
71, 593
What are the prime factors of 12756?
2, 3, 1063
List the prime factors of 52556.
2, 7, 1877
List the prime factors of 5668.
2, 13, 109
What are the prime factors of 8291?
8291
List the prime factors of 3312.
2, 3, 23
What are the prime factors of 23250?
2, 3, 5, 31
List the prime factors of 861.
3, 7, 41
List the prime factors of 13473.
3, 499
What are the prime factors of 29266?
2, 14633
List the prime factors of 1722.
2, 3, 7, 41
List the prime factors of 515.
5, 103
List the prime factors of 2201.
31, 71
What are the prime factors of 74?
2, 37
List the prime factors of 1448.
2, 181
What are the prime factors of 3209?
3209
What are the prime factors of 1202?
2, 601
List the prime factors of 517.
11, 47
List the prime factors of 612.
2, 3, 17
What are the prime factors of 4228?
2, 7, 151
What are the prime factors of 141118?
2, 37, 1907
What are the prime factors of 21485?
5, 4297
List the prime factors of 769.
769
What are the prime factors of 95728?
2, 31, 193
What are the prime factors of 956?
2, 239
What are the prime factors of 21866?
2, 13, 29
What are the prime factors of 151?
151
List the prime factors of 140658.
2, 3, 7, 17, 197
What are the prime factors of 7582?
2, 17, 223
List the prime factors of 63101.
89, 709
List the prime factors of 5888.
2, 23
What are the prime factors of 39?
3, 13
What are the prime factors of 24483?
3, 8161
What are the prime factors of 507?
3, 13
What are the prime factors of 13322?
2, 6661
List the prime factors of 28553.
7, 4079
List the prime factors of 63019.
11, 17, 337
List the prime factors of 9388.
2, 2347
What are the prime factors of 441?
3, 7
List the prime factors of 11390.
2, 5, 17, 67
What are the prime factors of 7251?
3, 2417
List the prime factors of 27508.
2, 13, 23
List the prime factors of 3885.
3, 5, 7, 37
What are the prime factors of 63?
3, 7
List the prime factors of 3358.
2, 23, 73
What are the prime factors of 23429?
7, 3347
List the prime factors of 17352.
2, 3, 241
What are the prime factors of 441?
3, 7
List the prime factors of 44130.
2, 3, 5, 1471
List the prime factors of 121376.
2, 3793
What are the prime factors of 5225?
5, 11, 19
List the prime factors of 248.
2, 31
What are the prime factors of 142260?
2, 3, 5, 2371
List the prime factors of 1371.
3, 457
What are the prime factors of 4652?
2, 1163
List the prime factors of 1246.
2, 7, 89
What are the prime factors of 930?
2, 3, 5, 31
List the prime factors of 1320.
2, 3, 5, 11
List the prime factors of 833.
7, 17
What are the prime factors of 56?
2, 7
List the prime factors of 20667.
3, 83
List the prime factors of 18671.
18671
List the prime factors of 81077.
81077
List the prime factors of 9067.
9067
What are the prime factors of 20398?
2, 7, 31, 47
What are the prime factors of 23967?
3, 2663
List the prime factors of 481.
13, 37
List the prime factors of 1924.
2, 13, 37
List the prime factors of 5275.
5, 211
List the prime factors of 38945.
5, 7789
What are the prime factors of 1576?
2, 197
List the prime factors of 22193.
22193
List the prime factors of 7103.
7103
What are the prime factors of 18?
2, 3
What are the prime factors of 830?
2, 5, 83
What are the prime factors of 651?
3, 7, 31
List the prime factors of 1595.
5, 11, 29
What are the prime factors of 3466?
2, 1733
What are the prime factors of 53638?
2, 13, 2063
What are the prime factors of 1546?
2, 773
What are the prime factors of 56951?
56951
What are the prime factors of 42084?
2, 3, 7, 167
What are the prime factors of 45473?
37, 1229
List the prime factors of 261.
3, 29
List the prime factors of 10523.
17, 619
List the prime factors of 3702.
2, 3, 617
What are the prime factors of 19546?
2, 29, 337
List the prime factors of 6640.
2, 5, 83
List the prime factors of 1384.
2, 173
List the prime factors of 2337.
3, 19, 41
List the prime factors of 77199.
3, 25733
List the prime factors of 7239.
3, 19, 127
List the prime factors of 37.
37
List the prime factors of 22328.
2, 2791
List the prime factors of 10208.
2, 11, 29
List the prime factors of 444.
2, 3, 37
What are the prime factors of 65413?
65413
What are the prime factors of 1327?
1327
List the prime factors of 14128.
2, 883
What are the prime factors of 572?
2, 